
23
Let r be (4/8)/(1/10). Suppose 5 = r*n - 10. List the prime factors of n - (-12 + 3) - 3.
3
Let s(f) = -f + 22. Suppose -o + 48 = -6*o - x, -4*x + 6 = -2*o. Let l = o - -18. List the prime factors of s(l).
13
Suppose -4*o + 107 = 27. Suppose 2*a = -2*a + 4*q - o, 4*a + 2*q = -38. List the prime factors of (-38)/a + 9/(-12).
2
List the prime factors of 4 + -2 + 17*5.
3, 29
Suppose -2*d = -4*d + 22. What are the prime factors of d?
11
Let m be 3*6/(-9)*4. Let r be (4/m)/(2/16). What are the prime factors of -2*3/r*2?
3
What are the prime factors of (5 - (-2)/(-1))*(62 - -1)?
3, 7
List the prime factors of (1*-26 - 3)*-2.
2, 29
Let p(k) = k**2 + k - 3. Let s be p(0). Let h(t) = -t - 1. List the prime factors of h(s).
2
Suppose 3*u - 237 + 6 = 0. What are the prime factors of u?
7, 11
Let d = -5 + 10. Let j(q) = q**3 - 5*q**2 + 6*q - 7. What are the prime factors of j(d)?
23
Let o be 4/2 + (1 - 1). Let f = 4 - 4. Suppose f = o*m + 2*p - 6, -5*m + 3*m + 5*p + 34 = 0. List the prime factors of m.
7
Suppose -3*t + 2*g = 7*g - 74, -5*g = -5. Let i = -16 + t. Suppose r - 2*l - 12 = -i*l, 3*l = 2*r + 2. What are the prime factors of r?
2
Suppose 0 = 4*x - 23 - 133. List the prime factors of x.
3, 13
Let u(z) = z**2 - 6*z + 4. Let p be u(6). Suppose 4*r - 25 = 5*i, -5*r = p*i - 0*i - 21. List the prime factors of r.
5
Let n = -236 - -145. Let s = 141 + n. What are the prime factors of s?
2, 5
Let j = 85 + -61. List the prime factors of j.
2, 3
Suppose -5*o + 616 = x, 3*o - 2*x + 0*x = 367. Suppose 5*c = 132 + o. List the prime factors of c.
3, 17
Let d = 57 + -9. Suppose -2*v = -d - 40. What are the prime factors of v?
2, 11
Suppose -5730 = 14*k - 29*k. What are the prime factors of k?
2, 191
Let a = 40 + 3. List the prime factors of a.
43
Suppose -4*i + 2*i + 2 = 0. Suppose 4*l + 11 + i = 2*f, -l - 2*f - 3 = 0. Let w(j) = j**3 + 2*j**2 - 5*j - 3. What are the prime factors of w(l)?
3
Let q = -7 - -1. Let a(z) = z + 14. What are the prime factors of a(q)?
2
Let x(i) be the first derivative of i**3/3 - 2*i**2 + 3*i + 1. Let o be x(-4). Suppose o = 5*w - 3*s - 34, -s = -2*w + 27. What are the prime factors of w?
2, 3
Suppose 27 - 2 = 5*l. Suppose 5*g - 172 = -4*a, -112 - 84 = -4*a + g. Suppose l*p = -5 + 30, -4*p = 2*m - a. List the prime factors of m.
2, 7
Suppose -3*w + 2*d + 10 = 0, 4*w - 2*d - 4 = -4*d. Suppose -3*t + w*b = -15, -t + 3*b - 7 + 19 = 0. What are the prime factors of t?
3
Suppose 4*s - 4*q - 188 = 0, 0*q + 3*q - 123 = -3*s. What are the prime factors of s?
2, 11
Let k = 48 - 17. List the prime factors of k.
31
Let x be 2 + (-1 - (-30)/3). Let q be x + -1 - (0 + 0). List the prime factors of (0 - 1) + 1 + q.
2, 5
Let m = -5 - -9. Let g = m - 6. Let l = g + 10. What are the prime factors of l?
2
Let c = 19 + -3. List the prime factors of c.
2
Let x(h) = -12*h**2 - h. Let z be x(-2). Let k = -7 - z. What are the prime factors of k?
3, 13
List the prime factors of -38*(-1)/((-8)/(-12)).
3, 19
Let n be -8 + (-4)/((-8)/6). Let p be (-9)/n + 4/20. List the prime factors of 3 + (6/3)/p.
2
Let n(f) = 33*f + 1. Let a be n(1). Let u = -19 + a. What are the prime factors of (-16)/20*u/(-2)?
2, 3
Let s = -12 + 17. Suppose 28 = s*p - p. List the prime factors of p.
7
Suppose 4*q + q - 75 = 0. List the prime factors of q.
3, 5
List the prime factors of -6 - -5 - 55/(-1).
2, 3
Let q(t) = -29*t**3. What are the prime factors of q(-1)?
29
Suppose 3*l = 10 + 2. Suppose -4*i + 32 = l*p - 0*i, -2*p + 5*i + 2 = 0. What are the prime factors of p?
2, 3
Suppose -11*y + 3*i + 565 = -7*y, i = 3*y - 425. List the prime factors of y.
2, 71
Suppose -4*z + 2*k - 4*k = 14, 0 = z - 4*k - 10. Suppose -3*q + 3*c + 39 = 0, 2*c = -3*q - 0*c + 14. Let n = q + z. List the prime factors of n.
2, 3
Suppose -219 = -4*t - 0*t - 5*l, 0 = 4*t - 4*l - 192. List the prime factors of t.
3, 17
Suppose 0 = 5*u - 23 + 3. Let b = 27 - u. List the prime factors of b.
23
Suppose -a = -0*a - 38. List the prime factors of a.
2, 19
Let f(y) = -y**3 - 4*y**2 - 5*y + 7. What are the prime factors of f(-5)?
3, 19
Suppose 3*g = -0*g. Let u be g/((-2 - -5)/(-3)). Suppose 5*i + u*i = 45. List the prime factors of i.
3
Let t(v) = v - 58*v**2 - v + 63*v**2. What are the prime factors of t(2)?
2, 5
Let n(c) = -9*c + 1. Let v(q) = 5*q + 2. Let a be v(-1). List the prime factors of n(a).
2, 7
List the prime factors of (10 - -2)*(-4)/(-12).
2
Let h(o) = -10*o**2 + 13*o. Let r(g) = 5*g**2 - 7*g. Let v(q) = -3*h(q) - 5*r(q). List the prime factors of v(3).
3, 11
Suppose -4*n + 39 = -109. List the prime factors of n.
37
Suppose 13 + 7 = 2*x. What are the prime factors of x?
2, 5
Let m be 1 - 7/((-21)/6). Let u = m - -13. List the prime factors of u.
2
Let y(x) = 6*x - 1. What are the prime factors of y(5)?
29
Let v = 7 - 5. Suppose v*z - 65 = -3*z. What are the prime factors of z?
13
Let w(q) = q**3 + 2*q**2 + 3*q + 2. Let k be 0 - (4 - (0 + 2)). Let l be w(k). Let h = l - -14. What are the prime factors of h?
2, 5
Suppose 2*w - 58 = 12. Let v = w - 24. List the prime factors of v.
11
Suppose 0 = -3*t + t + 6. Suppose -t*o + 7 = -5*u - 25, -2*o + 22 = -3*u. What are the prime factors of o?
2, 7
Suppose 4*b = 4, b - 107 = -5*d - b. Suppose 5*v = -4*g + 17 + 17, 3*g - d = -3*v. Suppose -5*k + 2*l = -33, k - 2 = -l + v. List the prime factors of k.
7
Suppose 19 - 7 = 4*x. Let m(u) = 1 - 5*u + 2*u - x + 5. List the prime factors of m(-4).
3, 5
Suppose 5*i - 191 = -3*f, f - i + 266 = 5*f. What are the prime factors of f?
67
Let d = -53 - -81. List the prime factors of d.
2, 7
Let j(m) = -m**3 + 14*m**2 - 7*m - 22. List the prime factors of j(11).
2, 3, 11
Suppose 0 = -0*i + i - 4*t + 8, 5*i + 4*t - 32 = 0. Suppose -77 = -i*q - 29. What are the prime factors of q?
2, 3
Let b(a) = a + 9. Let t be b(-10). Let d = t + 3. List the prime factors of d.
2
Let h be (-5 - 8/(-2)) + -25. Let m = h - -61. List the prime factors of m.
5, 7
Let o = 15 + 13. List the prime factors of o.
2, 7
Suppose 0 = -9*i + 4*i. Suppose i = 2*k + 3*k + 20. Let n = k + 11. List the prime factors of n.
7
Suppose -42 = -3*d + j, -2*d - 2*d + j = -55. What are the prime factors of d?
13
Suppose -132 = -5*d + l, 5 - 2 = l. What are the prime factors of d?
3
Suppose m + 117 = 4*t, -5*t + 3*t + 66 = 2*m. List the prime factors of t.
2, 3, 5
Let u = 0 + -3. Let t(o) = -o**3 + o**2 + 2. Let z be t(0). What are the prime factors of 4/3 - z/u?
2
Suppose 0 = -r + 67 + 65. What are the prime factors of r?
2, 3, 11
Suppose -2*b + 3*a = -0 + 143, 2*a = 10. Let j = b - -105. Suppose 0 = t - 4*z - 7, -j = 3*t - 7*t + 3*z. List the prime factors of t.
11
Suppose -f + 720 = 4*f + 2*t, -144 = -f + 2*t. What are the prime factors of f?
2, 3
Let h be (0 + -9)*6/(-9). Suppose h*k - 20 = k, -5*j = -4*k - 29. What are the prime factors of j?
3
List the prime factors of (-2 + 6)*(-2)/(-4).
2
Let y(z) = -10*z**3 + 1. What are the prime factors of y(-1)?
11
List the prime factors of (-645)/(-20)*(-16)/(-6)*2.
2, 43
Suppose 2*i - 4*n = -2*i - 12, 2*n = 5*i + 12. Let k be i - (-2 + -1 + 5). Let x(l) = -l**2 - 6*l - 5. List the prime factors of x(k).
3
Let i = 57 + -25. What are the prime factors of i?
2
Let y(x) = x + 3. Let u be y(4). Suppose -5*k + 8 = -u. Suppose k*c + 66 = 4*i - 0*i, -c - 70 = -4*i. List the prime factors of i.
2, 3
Let r be (-2)/(-3 + 1)*47. Suppose -3*g - y = -3 - r, -2*y = 5*g - 84. What are the prime factors of g?
2
Let a(j) = j**2 + 5*j - 5. List the prime factors of a(10).
5, 29
Let a = 652 - 331. What are the prime factors of a?
3, 107
Let a(i) = i**3 + 4*i**2 - 6*i + 2. Let k be a(-5). Let j(m) = -m + 19. Let f be j(0). Suppose -k = b - f. What are the prime factors of b?
2, 3
Let o(s) = 6*s. List the prime factors of o(5).
2, 3, 5
Suppose -v = -5*g - 12, v - 3 + 1 = -5*g. Let q be 2/(-7) + (-40)/v. What are the prime factors of (q/4)/((-1)/6)?
3
Let j = 208 + -93. What are the prime factors of j?
5, 23
Let c(z) = -2. Let a(w) = -2*w - 20. Let r(x) = x**2 + 5*x + 6. Let j be r(-4). Let q(v) = j*a(v) - 22*c(v). What are the prime factors of q(-4)?
2, 5
Let k(w) = -w**3 + 13*w**2 + 15*w - 4. What are the prime factors of k(14)?
2, 5
Suppose 3*f + y + 2*y = 48, 32 = 2*f - 2*y. What are the prime factors of f?
2
Let x = 44 + -24. What ar